{"id":9914,"date":"2025-01-30T13:30:51","date_gmt":"2025-01-30T13:30:51","guid":{"rendered":"https:\/\/secouristesdev.wild-webdev.com\/?page_id=9914"},"modified":"2025-04-23T12:26:18","modified_gmt":"2025-04-23T12:26:18","slug":"formations-professionnelles","status":"publish","type":"page","link":"https:\/\/secouristesdev.wild-webdev.com\/index.php\/formations-professionnelles\/","title":{"rendered":"Formations professionnelles"},"content":{"rendered":"<section class=\"wpb-content-wrapper\"><p>[vc_row el_class=\u00a0\u00bbcenter-btnpro\u00a0\u00bb][vc_column]<div class=\"eltdf-elements-holder   eltdf-one-column  eltdf-responsive-mode-768   \" ><div class=\"eltdf-eh-item     \"  data-item-class=\"eltdf-eh-custom-1405\">\n\t<div class=\"eltdf-eh-item-inner\">\n\t\t<div class=\"eltdf-eh-item-content eltdf-eh-custom-1405\" >\n\t\t\t[vc_empty_space height=\u00a0\u00bb50px\u00a0\u00bb]\t\t<\/div>\n\t<\/div>\n<\/div><\/div>[\/vc_column][\/vc_row][vc_row row_content_width=\u00a0\u00bbgrid\u00a0\u00bb content_text_aligment=\u00a0\u00bbcenter\u00a0\u00bb el_class=\u00a0\u00bbhistoire-blocs\u00a0\u00bb el_id=\u00a0\u00bbliste-fp\u00a0\u00bb][vc_column width=\u00a0\u00bb1\/3&Prime;]<div class=\"eltdf-image-with-text-holder switch-order    eltdf-image-behavior-grayscale\">\n\t\t\t<div class=\"eltdf-iwt-text-holder\">\n\t\t\t\t\t<h3 class=\"eltdf-iwt-title\" style=\"color: #f71212\">Generic provider complet (4h)<\/h3>\n\t\t\t\t\t\t\t<p class=\"eltdf-iwt-text\" >En Suisse, l\u2019arr\u00eat cardiaque repr\u00e9sente une situation d\u2019urgence critique, causant annuellement entre 8 000 et ...<\/p>\n\t\t\t<\/div>\n\n\t<div class=\"eltdf-iwt-image\">\n\t\t\t\t\t<img loading=\"lazy\" decoding=\"async\" width=\"1920\" height=\"2560\" src=\"https:\/\/secouristesdev.wild-webdev.com\/wp-content\/uploads\/2025\/02\/IMG_5053-scaled.jpeg\" class=\"attachment-full size-full\" alt=\"\" srcset=\"https:\/\/secouristesdev.wild-webdev.com\/wp-content\/uploads\/2025\/02\/IMG_5053-scaled.jpeg 1920w, https:\/\/secouristesdev.wild-webdev.com\/wp-content\/uploads\/2025\/02\/IMG_5053-225x300.jpeg 225w, https:\/\/secouristesdev.wild-webdev.com\/wp-content\/uploads\/2025\/02\/IMG_5053-768x1024.jpeg 768w, https:\/\/secouristesdev.wild-webdev.com\/wp-content\/uploads\/2025\/02\/IMG_5053-1152x1536.jpeg 1152w, https:\/\/secouristesdev.wild-webdev.com\/wp-content\/uploads\/2025\/02\/IMG_5053-1536x2048.jpeg 1536w, https:\/\/secouristesdev.wild-webdev.com\/wp-content\/uploads\/2025\/02\/IMG_5053-600x800.jpeg 600w\" sizes=\"auto, (max-width: 1920px) 100vw, 1920px\" \/>\t\t\t<\/div>\n<\/div>\n[vc_empty_space height=\u00a0\u00bb40px\u00a0\u00bb][vc_column_text]<a class=\"sinscrire-fpro\" href=\"https:\/\/secouristesdev.wild-webdev.com\/index.php\/generic-provider-complet-4h\/\">En savoir plus<\/a>[\/vc_column_text][vc_empty_space height=\u00a0\u00bb100px\u00a0\u00bb][\/vc_column][vc_column width=\u00a0\u00bb1\/3&Prime;]<div class=\"eltdf-image-with-text-holder switch-order    eltdf-image-behavior-grayscale\">\n\t\t\t<div class=\"eltdf-iwt-text-holder\">\n\t\t\t\t\t<h3 class=\"eltdf-iwt-title\" style=\"color: #f71212\">Generic provider REFRESH (3h)<\/h3>\n\t\t\t\t\t\t\t<p class=\"eltdf-iwt-text\" >Les formations pour formateurs en BLS-AED fournissent les connaissances essentielles pour enseigner efficacement...<\/p>\n\t\t\t<\/div>\n\n\t<div class=\"eltdf-iwt-image\">\n\t\t\t\t\t<img loading=\"lazy\" decoding=\"async\" width=\"3022\" height=\"3885\" src=\"https:\/\/secouristesdev.wild-webdev.com\/wp-content\/uploads\/2025\/02\/IMG_8982.png\" class=\"attachment-full size-full\" alt=\"\" srcset=\"https:\/\/secouristesdev.wild-webdev.com\/wp-content\/uploads\/2025\/02\/IMG_8982.png 3022w, https:\/\/secouristesdev.wild-webdev.com\/wp-content\/uploads\/2025\/02\/IMG_8982-233x300.png 233w, https:\/\/secouristesdev.wild-webdev.com\/wp-content\/uploads\/2025\/02\/IMG_8982-797x1024.png 797w, https:\/\/secouristesdev.wild-webdev.com\/wp-content\/uploads\/2025\/02\/IMG_8982-768x987.png 768w, https:\/\/secouristesdev.wild-webdev.com\/wp-content\/uploads\/2025\/02\/IMG_8982-1195x1536.png 1195w, https:\/\/secouristesdev.wild-webdev.com\/wp-content\/uploads\/2025\/02\/IMG_8982-1593x2048.png 1593w, https:\/\/secouristesdev.wild-webdev.com\/wp-content\/uploads\/2025\/02\/IMG_8982-600x771.png 600w\" sizes=\"auto, (max-width: 3022px) 100vw, 3022px\" \/>\t\t\t<\/div>\n<\/div>\n[vc_empty_space height=\u00a0\u00bb40px\u00a0\u00bb][vc_column_text]<a class=\"sinscrire-fpro\" href=\"https:\/\/secouristesdev.wild-webdev.com\/index.php\/generic-provider-refresh-3h\/\">En savoir plus<\/a>[\/vc_column_text][vc_empty_space height=\u00a0\u00bb100px\u00a0\u00bb][\/vc_column][vc_column width=\u00a0\u00bb1\/3&Prime;]<div class=\"eltdf-image-with-text-holder switch-order    eltdf-image-behavior-grayscale\">\n\t\t\t<div class=\"eltdf-iwt-text-holder\">\n\t\t\t\t\t<h3 class=\"eltdf-iwt-title\" style=\"color: #f71212\">IAS 1 (14h)<\/h3>\n\t\t\t\t\t\t\t<p class=\"eltdf-iwt-text\" >(Intervention d\u2019Aide en Situation quotidienne et en circulation routi\u00e8re, incluant BLS-AED-SRC complet) FACE \u00c0...<\/p>\n\t\t\t<\/div>\n\n\t<div class=\"eltdf-iwt-image\">\n\t\t\t\t\t<img loading=\"lazy\" decoding=\"async\" width=\"1920\" height=\"2560\" src=\"https:\/\/secouristesdev.wild-webdev.com\/wp-content\/uploads\/2025\/02\/C172F844-DC8F-48DC-87CE-B4FF394786AF-scaled.jpg\" class=\"attachment-full size-full\" alt=\"\" srcset=\"https:\/\/secouristesdev.wild-webdev.com\/wp-content\/uploads\/2025\/02\/C172F844-DC8F-48DC-87CE-B4FF394786AF-scaled.jpg 1920w, https:\/\/secouristesdev.wild-webdev.com\/wp-content\/uploads\/2025\/02\/C172F844-DC8F-48DC-87CE-B4FF394786AF-225x300.jpg 225w, https:\/\/secouristesdev.wild-webdev.com\/wp-content\/uploads\/2025\/02\/C172F844-DC8F-48DC-87CE-B4FF394786AF-768x1024.jpg 768w, https:\/\/secouristesdev.wild-webdev.com\/wp-content\/uploads\/2025\/02\/C172F844-DC8F-48DC-87CE-B4FF394786AF-1152x1536.jpg 1152w, https:\/\/secouristesdev.wild-webdev.com\/wp-content\/uploads\/2025\/02\/C172F844-DC8F-48DC-87CE-B4FF394786AF-1536x2048.jpg 1536w, https:\/\/secouristesdev.wild-webdev.com\/wp-content\/uploads\/2025\/02\/C172F844-DC8F-48DC-87CE-B4FF394786AF-600x800.jpg 600w\" sizes=\"auto, (max-width: 1920px) 100vw, 1920px\" \/>\t\t\t<\/div>\n<\/div>\n[vc_empty_space height=\u00a0\u00bb40px\u00a0\u00bb][vc_column_text]<a class=\"sinscrire-fpro\" href=\"https:\/\/secouristesdev.wild-webdev.com\/index.php\/ias-1-14h\/\">En savoir plus<\/a>[\/vc_column_text][vc_empty_space height=\u00a0\u00bb100px\u00a0\u00bb][\/vc_column][\/vc_row][vc_row row_content_width=\u00a0\u00bbgrid\u00a0\u00bb content_text_aligment=\u00a0\u00bbcenter\u00a0\u00bb el_class=\u00a0\u00bbhistoire-blocs\u00a0\u00bb el_id=\u00a0\u00bbliste-fp\u00a0\u00bb][vc_column width=\u00a0\u00bb1\/3&Prime;]<div class=\"eltdf-image-with-text-holder switch-order    eltdf-image-behavior-grayscale\">\n\t\t\t<div class=\"eltdf-iwt-text-holder\">\n\t\t\t\t\t<h3 class=\"eltdf-iwt-title\" style=\"color: #f71212\">IAS 1 Refresh (7h)<\/h3>\n\t\t\t\t\t\t\t<p class=\"eltdf-iwt-text\" >R\u00e9vision des fondamentaux abord\u00e9s lors de la formation de secouriste niveau 1 IAS, incluant les actions g\u00e9n\u00e9rales \u00e0...<\/p>\n\t\t\t<\/div>\n\n\t<div class=\"eltdf-iwt-image\">\n\t\t\t\t\t<img loading=\"lazy\" decoding=\"async\" width=\"1920\" height=\"2560\" src=\"https:\/\/secouristesdev.wild-webdev.com\/wp-content\/uploads\/2025\/02\/42085D40-AF05-42F4-8AD3-90032C89D4D8-scaled.jpg\" class=\"attachment-full size-full\" alt=\"\" srcset=\"https:\/\/secouristesdev.wild-webdev.com\/wp-content\/uploads\/2025\/02\/42085D40-AF05-42F4-8AD3-90032C89D4D8-scaled.jpg 1920w, https:\/\/secouristesdev.wild-webdev.com\/wp-content\/uploads\/2025\/02\/42085D40-AF05-42F4-8AD3-90032C89D4D8-225x300.jpg 225w, https:\/\/secouristesdev.wild-webdev.com\/wp-content\/uploads\/2025\/02\/42085D40-AF05-42F4-8AD3-90032C89D4D8-768x1024.jpg 768w, https:\/\/secouristesdev.wild-webdev.com\/wp-content\/uploads\/2025\/02\/42085D40-AF05-42F4-8AD3-90032C89D4D8-1152x1536.jpg 1152w, https:\/\/secouristesdev.wild-webdev.com\/wp-content\/uploads\/2025\/02\/42085D40-AF05-42F4-8AD3-90032C89D4D8-1536x2048.jpg 1536w, https:\/\/secouristesdev.wild-webdev.com\/wp-content\/uploads\/2025\/02\/42085D40-AF05-42F4-8AD3-90032C89D4D8-600x800.jpg 600w\" sizes=\"auto, (max-width: 1920px) 100vw, 1920px\" \/>\t\t\t<\/div>\n<\/div>\n[vc_empty_space height=\u00a0\u00bb40px\u00a0\u00bb][vc_column_text]<a class=\"sinscrire-fpro\" href=\"https:\/\/secouristesdev.wild-webdev.com\/index.php\/ias-1-refresh-7h\/\">En savoir plus<\/a>[\/vc_column_text][vc_empty_space height=\u00a0\u00bb100px\u00a0\u00bb][\/vc_column][vc_column width=\u00a0\u00bb1\/3&Prime;]<div class=\"eltdf-image-with-text-holder switch-order    eltdf-image-behavior-grayscale\">\n\t\t\t<div class=\"eltdf-iwt-text-holder\">\n\t\t\t\t\t<h3 class=\"eltdf-iwt-title\" style=\"color: #f71212\">IAS 2 (21h)<\/h3>\n\t\t\t\t\t\t\t<p class=\"eltdf-iwt-text\" >Intervention d\u2019Aide en Situations g\u00e9n\u00e9rales, incluant BLS-AED-SRC complet L\u2019ACTION EN CAS D\u2019URGENCE REQUIERT...<\/p>\n\t\t\t<\/div>\n\n\t<div class=\"eltdf-iwt-image\">\n\t\t\t\t\t<img loading=\"lazy\" decoding=\"async\" width=\"1221\" height=\"1628\" src=\"https:\/\/secouristesdev.wild-webdev.com\/wp-content\/uploads\/2025\/02\/IMG_8427.jpeg\" class=\"attachment-full size-full\" alt=\"\" srcset=\"https:\/\/secouristesdev.wild-webdev.com\/wp-content\/uploads\/2025\/02\/IMG_8427.jpeg 1221w, https:\/\/secouristesdev.wild-webdev.com\/wp-content\/uploads\/2025\/02\/IMG_8427-225x300.jpeg 225w, https:\/\/secouristesdev.wild-webdev.com\/wp-content\/uploads\/2025\/02\/IMG_8427-768x1024.jpeg 768w, https:\/\/secouristesdev.wild-webdev.com\/wp-content\/uploads\/2025\/02\/IMG_8427-1152x1536.jpeg 1152w, https:\/\/secouristesdev.wild-webdev.com\/wp-content\/uploads\/2025\/02\/IMG_8427-600x800.jpeg 600w\" sizes=\"auto, (max-width: 1221px) 100vw, 1221px\" \/>\t\t\t<\/div>\n<\/div>\n[vc_empty_space height=\u00a0\u00bb40px\u00a0\u00bb][vc_column_text]<a class=\"sinscrire-fpro\" href=\"https:\/\/secouristesdev.wild-webdev.com\/index.php\/ias-2-21h\/\">En savoir plus<\/a>[\/vc_column_text][vc_empty_space height=\u00a0\u00bb100px\u00a0\u00bb][\/vc_column][vc_column width=\u00a0\u00bb1\/3&Prime;]<div class=\"eltdf-image-with-text-holder switch-order    eltdf-image-behavior-grayscale\">\n\t\t\t<div class=\"eltdf-iwt-text-holder\">\n\t\t\t\t\t<h3 class=\"eltdf-iwt-title\" style=\"color: #f71212\">IAS 2 Refresh (7h)<\/h3>\n\t\t\t\t\t\t\t<p class=\"eltdf-iwt-text\" >R\u00e9vision des connaissances essentielles issues de la formation de secouriste niveau 2 IAS, comprenant les ...<\/p>\n\t\t\t<\/div>\n\n\t<div class=\"eltdf-iwt-image\">\n\t\t\t\t\t<img loading=\"lazy\" decoding=\"async\" width=\"3024\" height=\"4032\" src=\"https:\/\/secouristesdev.wild-webdev.com\/wp-content\/uploads\/2025\/02\/IMG_8979.png\" class=\"attachment-full size-full\" alt=\"\" srcset=\"https:\/\/secouristesdev.wild-webdev.com\/wp-content\/uploads\/2025\/02\/IMG_8979.png 3024w, https:\/\/secouristesdev.wild-webdev.com\/wp-content\/uploads\/2025\/02\/IMG_8979-225x300.png 225w, https:\/\/secouristesdev.wild-webdev.com\/wp-content\/uploads\/2025\/02\/IMG_8979-768x1024.png 768w, https:\/\/secouristesdev.wild-webdev.com\/wp-content\/uploads\/2025\/02\/IMG_8979-1152x1536.png 1152w, https:\/\/secouristesdev.wild-webdev.com\/wp-content\/uploads\/2025\/02\/IMG_8979-1536x2048.png 1536w, https:\/\/secouristesdev.wild-webdev.com\/wp-content\/uploads\/2025\/02\/IMG_8979-600x800.png 600w\" sizes=\"auto, (max-width: 3024px) 100vw, 3024px\" \/>\t\t\t<\/div>\n<\/div>\n[vc_empty_space height=\u00a0\u00bb40px\u00a0\u00bb][vc_column_text]<a class=\"sinscrire-fpro\" href=\"https:\/\/secouristesdev.wild-webdev.com\/index.php\/ias-2-refresh-7h\/\">En savoir plus<\/a>[\/vc_column_text][vc_empty_space height=\u00a0\u00bb100px\u00a0\u00bb][\/vc_column][\/vc_row]<\/p>\n<\/section>","protected":false},"excerpt":{"rendered":"<p>[vc_row el_class=\u00a0\u00bbcenter-btnpro\u00a0\u00bb][vc_column][\/vc_column][\/vc_row][vc_row row_content_width=\u00a0\u00bbgrid\u00a0\u00bb content_text_aligment=\u00a0\u00bbcenter\u00a0\u00bb el_class=\u00a0\u00bbhistoire-blocs\u00a0\u00bb el_id=\u00a0\u00bbliste-fp\u00a0\u00bb][vc_column width=\u00a0\u00bb1\/3&Prime;][vc_empty_space height=\u00a0\u00bb40px\u00a0\u00bb][vc_column_text]En savoir plus[\/vc_column_text][vc_empty_space height=\u00a0\u00bb100px\u00a0\u00bb][\/vc_column][vc_column width=\u00a0\u00bb1\/3&Prime;][vc_empty_space height=\u00a0\u00bb40px\u00a0\u00bb][vc_column_text]En savoir plus[\/vc_column_text][vc_empty_space height=\u00a0\u00bb100px\u00a0\u00bb][\/vc_column][vc_column width=\u00a0\u00bb1\/3&Prime;][vc_empty_space height=\u00a0\u00bb40px\u00a0\u00bb][vc_column_text]En savoir plus[\/vc_column_text][vc_empty_space height=\u00a0\u00bb100px\u00a0\u00bb][\/vc_column][\/vc_row][vc_row row_content_width=\u00a0\u00bbgrid\u00a0\u00bb content_text_aligment=\u00a0\u00bbcenter\u00a0\u00bb el_class=\u00a0\u00bbhistoire-blocs\u00a0\u00bb el_id=\u00a0\u00bbliste-fp\u00a0\u00bb][vc_column width=\u00a0\u00bb1\/3&Prime;][vc_empty_space height=\u00a0\u00bb40px\u00a0\u00bb][vc_column_text]En savoir plus[\/vc_column_text][vc_empty_space height=\u00a0\u00bb100px\u00a0\u00bb][\/vc_column][vc_column width=\u00a0\u00bb1\/3&Prime;][vc_empty_space height=\u00a0\u00bb40px\u00a0\u00bb][vc_column_text]En savoir plus[\/vc_column_text][vc_empty_space height=\u00a0\u00bb100px\u00a0\u00bb][\/vc_column][vc_column width=\u00a0\u00bb1\/3&Prime;][vc_empty_space height=\u00a0\u00bb40px\u00a0\u00bb][vc_column_text]En savoir plus[\/vc_column_text][vc_empty_space height=\u00a0\u00bb100px\u00a0\u00bb][\/vc_column][\/vc_row]<\/p>\n","protected":false},"author":1,"featured_media":0,"parent":0,"menu_order":0,"comment_status":"closed","ping_status":"closed","template":"full-width.php","meta":{"_acf_changed":false,"_bbp_topic_count":0,"_bbp_reply_count":0,"_bbp_total_topic_count":0,"_bbp_total_reply_count":0,"_bbp_voice_count":0,"_bbp_anonymous_reply_count":0,"_bbp_topic_count_hidden":0,"_bbp_reply_count_hidden":0,"_bbp_forum_subforum_count":0,"footnotes":""},"class_list":["post-9914","page","type-page","status-publish","hentry"],"acf":[],"yoast_head":"<!-- This site is optimized with the Yoast SEO plugin v26.7 - https:\/\/yoast.com\/wordpress\/plugins\/seo\/ -->\n<title>Formations professionnelles - Secourisme en Suisse - Les Secouristes<\/title>\n<meta name=\"description\" content=\"D\u00e9couvrez nos formations certifiantes en secourisme, adapt\u00e9es aux professionnels de tous secteurs.\" \/>\n<meta name=\"robots\" content=\"noindex, follow, max-snippet:-1, max-image-preview:large, max-video-preview:-1\" \/>\n<meta property=\"og:locale\" content=\"fr_FR\" \/>\n<meta property=\"og:type\" content=\"article\" \/>\n<meta property=\"og:title\" content=\"Formations professionnelles - Secourisme en Suisse - Les Secouristes\" \/>\n<meta property=\"og:description\" content=\"D\u00e9couvrez nos formations certifiantes en secourisme, adapt\u00e9es aux professionnels de tous secteurs.\" \/>\n<meta property=\"og:url\" content=\"https:\/\/secouristesdev.wild-webdev.com\/index.php\/formations-professionnelles\/\" \/>\n<meta property=\"og:site_name\" content=\"Les secouristes - ESU\" \/>\n<meta property=\"article:modified_time\" content=\"2025-04-23T12:26:18+00:00\" \/>\n<meta name=\"twitter:card\" content=\"summary_large_image\" \/>\n<meta name=\"twitter:label1\" content=\"Dur\u00e9e de lecture estim\u00e9e\" \/>\n\t<meta name=\"twitter:data1\" content=\"2 minutes\" \/>\n<script type=\"application\/ld+json\" class=\"yoast-schema-graph\">{\"@context\":\"https:\/\/schema.org\",\"@graph\":[{\"@type\":\"WebPage\",\"@id\":\"https:\/\/secouristesdev.wild-webdev.com\/index.php\/formations-professionnelles\/\",\"url\":\"https:\/\/secouristesdev.wild-webdev.com\/index.php\/formations-professionnelles\/\",\"name\":\"Formations professionnelles - Secourisme en Suisse - Les Secouristes\",\"isPartOf\":{\"@id\":\"https:\/\/secouristesdev.wild-webdev.com\/#website\"},\"datePublished\":\"2025-01-30T13:30:51+00:00\",\"dateModified\":\"2025-04-23T12:26:18+00:00\",\"description\":\"D\u00e9couvrez nos formations certifiantes en secourisme, adapt\u00e9es aux professionnels de tous secteurs.\",\"breadcrumb\":{\"@id\":\"https:\/\/secouristesdev.wild-webdev.com\/index.php\/formations-professionnelles\/#breadcrumb\"},\"inLanguage\":\"fr-FR\",\"potentialAction\":[{\"@type\":\"ReadAction\",\"target\":[\"https:\/\/secouristesdev.wild-webdev.com\/index.php\/formations-professionnelles\/\"]}]},{\"@type\":\"BreadcrumbList\",\"@id\":\"https:\/\/secouristesdev.wild-webdev.com\/index.php\/formations-professionnelles\/#breadcrumb\",\"itemListElement\":[{\"@type\":\"ListItem\",\"position\":1,\"name\":\"Home\",\"item\":\"https:\/\/secouristesdev.wild-webdev.com\/\"},{\"@type\":\"ListItem\",\"position\":2,\"name\":\"Formations professionnelles\"}]},{\"@type\":\"WebSite\",\"@id\":\"https:\/\/secouristesdev.wild-webdev.com\/#website\",\"url\":\"https:\/\/secouristesdev.wild-webdev.com\/\",\"name\":\"Les secouristes - ESU\",\"description\":\"Ecole de Secours d&#039;Urgence\",\"potentialAction\":[{\"@type\":\"SearchAction\",\"target\":{\"@type\":\"EntryPoint\",\"urlTemplate\":\"https:\/\/secouristesdev.wild-webdev.com\/?s={search_term_string}\"},\"query-input\":{\"@type\":\"PropertyValueSpecification\",\"valueRequired\":true,\"valueName\":\"search_term_string\"}}],\"inLanguage\":\"fr-FR\"}]}<\/script>\n<!-- \/ Yoast SEO plugin. -->","yoast_head_json":{"title":"Formations professionnelles - Secourisme en Suisse - Les Secouristes","description":"D\u00e9couvrez nos formations certifiantes en secourisme, adapt\u00e9es aux professionnels de tous secteurs.","robots":{"index":"noindex","follow":"follow","max-snippet":"max-snippet:-1","max-image-preview":"max-image-preview:large","max-video-preview":"max-video-preview:-1"},"og_locale":"fr_FR","og_type":"article","og_title":"Formations professionnelles - Secourisme en Suisse - Les Secouristes","og_description":"D\u00e9couvrez nos formations certifiantes en secourisme, adapt\u00e9es aux professionnels de tous secteurs.","og_url":"https:\/\/secouristesdev.wild-webdev.com\/index.php\/formations-professionnelles\/","og_site_name":"Les secouristes - ESU","article_modified_time":"2025-04-23T12:26:18+00:00","twitter_card":"summary_large_image","twitter_misc":{"Dur\u00e9e de lecture estim\u00e9e":"2 minutes"},"schema":{"@context":"https:\/\/schema.org","@graph":[{"@type":"WebPage","@id":"https:\/\/secouristesdev.wild-webdev.com\/index.php\/formations-professionnelles\/","url":"https:\/\/secouristesdev.wild-webdev.com\/index.php\/formations-professionnelles\/","name":"Formations professionnelles - Secourisme en Suisse - Les Secouristes","isPartOf":{"@id":"https:\/\/secouristesdev.wild-webdev.com\/#website"},"datePublished":"2025-01-30T13:30:51+00:00","dateModified":"2025-04-23T12:26:18+00:00","description":"D\u00e9couvrez nos formations certifiantes en secourisme, adapt\u00e9es aux professionnels de tous secteurs.","breadcrumb":{"@id":"https:\/\/secouristesdev.wild-webdev.com\/index.php\/formations-professionnelles\/#breadcrumb"},"inLanguage":"fr-FR","potentialAction":[{"@type":"ReadAction","target":["https:\/\/secouristesdev.wild-webdev.com\/index.php\/formations-professionnelles\/"]}]},{"@type":"BreadcrumbList","@id":"https:\/\/secouristesdev.wild-webdev.com\/index.php\/formations-professionnelles\/#breadcrumb","itemListElement":[{"@type":"ListItem","position":1,"name":"Home","item":"https:\/\/secouristesdev.wild-webdev.com\/"},{"@type":"ListItem","position":2,"name":"Formations professionnelles"}]},{"@type":"WebSite","@id":"https:\/\/secouristesdev.wild-webdev.com\/#website","url":"https:\/\/secouristesdev.wild-webdev.com\/","name":"Les secouristes - ESU","description":"Ecole de Secours d&#039;Urgence","potentialAction":[{"@type":"SearchAction","target":{"@type":"EntryPoint","urlTemplate":"https:\/\/secouristesdev.wild-webdev.com\/?s={search_term_string}"},"query-input":{"@type":"PropertyValueSpecification","valueRequired":true,"valueName":"search_term_string"}}],"inLanguage":"fr-FR"}]}},"_links":{"self":[{"href":"https:\/\/secouristesdev.wild-webdev.com\/index.php\/wp-json\/wp\/v2\/pages\/9914","targetHints":{"allow":["GET"]}}],"collection":[{"href":"https:\/\/secouristesdev.wild-webdev.com\/index.php\/wp-json\/wp\/v2\/pages"}],"about":[{"href":"https:\/\/secouristesdev.wild-webdev.com\/index.php\/wp-json\/wp\/v2\/types\/page"}],"author":[{"embeddable":true,"href":"https:\/\/secouristesdev.wild-webdev.com\/index.php\/wp-json\/wp\/v2\/users\/1"}],"replies":[{"embeddable":true,"href":"https:\/\/secouristesdev.wild-webdev.com\/index.php\/wp-json\/wp\/v2\/comments?post=9914"}],"version-history":[{"count":25,"href":"https:\/\/secouristesdev.wild-webdev.com\/index.php\/wp-json\/wp\/v2\/pages\/9914\/revisions"}],"predecessor-version":[{"id":9979,"href":"https:\/\/secouristesdev.wild-webdev.com\/index.php\/wp-json\/wp\/v2\/pages\/9914\/revisions\/9979"}],"wp:attachment":[{"href":"https:\/\/secouristesdev.wild-webdev.com\/index.php\/wp-json\/wp\/v2\/media?parent=9914"}],"curies":[{"name":"wp","href":"https:\/\/api.w.org\/{rel}","templated":true}]}}